(13)?
45
Let k(m) = 6*m**2 - 1410*m + 21476. Calculate k(16).
452
Let k(z) = -z**2 - 400*z - 39390. Determine k(-225).
-15
Let n(w) = w**3 - 620*w**2 + 55262*w + 17415. Give n(512).
7
Let v(s) = 129911*s - 9093762. Give v(70).
8
Let w(y) = -4*y**2 - 41*y - 150. Determine w(-24).
-1470
Let h(q) = -135390*q - 541569. Calculate h(-4).
-9
Let m(u) = 37954*u - 227632. Give m(6).
92
Let i(a) = -5724*a - 51559. Calculate i(-9).
-43
Let x(t) = t**3 - 65*t**2 + 20*t + 343. Calculate x(65).
1643
Let j(u) = -2*u**3 - 15*u**2 - 17*u + 7. Give j(-9).
403
Let p(v) = -v**3 - 23*v**2 - 7*v + 145. What is p(-21)?
-590
Let f(a) = 2*a**3 + 48*a**2 - 2299*a + 110. Give f(-48).
-130
Let g(u) = -51097*u - 13183034. What is g(-258)?
-8
Let i(r) = -r**3 - 14*r**2 - 38040*r - 494347. Determine i(-13).
4
Let z(p) = -5754*p**2 - 34499*p + 155. Determine z(-6).
5
Let i(j) = 27*j**3 - 14*j**2 + 19*j - 23. What is i(2)?
175
Let r(w) = -787852*w + 787858. What is r(1)?
6
Let l(t) = 1590*t + 335541. Determine l(-211).
51
Let t(h) = -4*h**2 + 515808*h + 2579107. Give t(-5).
-33
Let r(b) = -2*b**3 - 58*b**2 - 382*b - 13276. Determine r(-30).
-16
Let i(s) = 2938*s + 540587. What is i(-184)?
-5
Let d(k) = 47*k**2 - 3308*k + 7589. Determine d(68).
-27
Let c(f) = f**2 + 4090*f + 49000. Give c(-12).
64
Let u(h) = -212*h - 29922. What is u(-142)?
182
Let w(u) = -1115*u - 1790675. Calculate w(-1606).
15
Let k(h) = 1331*h - 34672. Calculate k(26).
-66
Let j(p) = -27*p**2 + 2*p - 48. Calculate j(0).
-48
Let g(u) = -60*u**3 + 6*u**2 + 178*u - 374. What is g(2)?
-474
Let w(a) = -a**3 - 20*a**2 + 282*a - 113. Give w(9).
76
Let z(i) = -486*i + 48151. What is z(98)?
523
Let o(x) = 1345*x - 108892. Determine o(81).
53
Let d(r) = 38*r**2 + 41831*r - 8. What is d(0)?
-8
Let l(g) = 72722*g - 363528. What is l(5)?
82
Let o(k) = -220*k**2 - 384*k + 1143. Determine o(3).
-1989
Let m(w) = -20311*w**2 + 101562*w - 34. Determine m(5).
1
Let d(b) = 2156*b + 189733. Determine d(-88).
5
Let q(a) = -2*a**2 + 395*a - 17138. Calculate q(65).
87
Let t(h) = 622*h**2 + 7038*h - 24. Give t(-11).
-2180
Let h(s) = s**3 - 22*s**2 + 13*s + 8. What is h(18)?
-1054
Let s(n) = n**3 + 146*n**2 - 604*n - 754. What is s(-150)?
-154
Let x(n) = -16*n**2 - 28898*n - 405015. Calculate x(-1792).
-23
Let w(j) = -j**2 - 2022*j + 106. What is w(0)?
106
Let o(b) = b**2 - 304*b + 6885. Give o(24).
165
Let m(r) = r**3 + 23*r**2 - 245*r - 4860. Give m(-25).
15
Let t(h) = -25*h**2 + 3000*h - 25. Give t(120).
-25
Let n(v) = 4722*v - 632738. Determine n(134).
10
Let g(s) = 1206*s - 374091. What is g(310)?
-231
Let d(f) = -8*f**2 + 3941*f - 33419. What is d(484)?
-23
Let d(u) = -4638*u**2 - 23182*u + 41. Calculate d(-5).
1
Let k(r) = -3*r**2 + 1464*r + 104088. Give k(-63).
-51
Let q(w) = 4616*w + 27720. What is q(-6)?
24
Let u(w) = -32*w**2 + 26*w - 876. Give u(-5).
-1806
Let q(y) = -8797*y + 950078. Calculate q(108).
2
Let l(w) = -2*w**2 + 640*w + 3222. Give l(-5).
-28
Let p(x) = x**2 + 42*x + 318. Determine p(-48).
606
Let u(c) = -14870*c - 490694. Determine u(-33).
16
Let m(q) = 9*q**2 + 63*q - 138. What is m(-10)?
132
Let k(v) = -155*v**2 + 2305*v + 67. Give k(15).
-233
Let g(i) = 3*i**3 + 247*i**2 + 538*i + 188. What is g(-80)?
1948
Let k(x) = -20*x**2 - 112*x + 179. What is k(4)?
-589
Let v(c) = -10216*c + 61313. Determine v(6).
17
Let b(n) = n**3 + 4*n**2 - 166*n + 230. Determine b(-16).
-186
Let f(n) = -4*n**2 - 75*n + 2196. What is f(-26)?
1442
Let u(o) = -16*o**2 - 260*o - 1349. What is u(-17)?
-1553
Let j(c) = -47*c**2 + 2527*c + 3190. Determine j(55).
0
Let a(v) = -16*v**3 - 103*v**2 - 538*v - 45. Determine a(-6).
2931
Let a(m) = 928*m - 30626. Calculate a(33).
-2
Let k(i) = -6*i**2 + 4880*i + 89775. What is k(-18)?
-9
Let m(l) = 38336*l - 728388. Calculate m(19).
-4
Let n(z) = -5384*z + 511472. Determine n(95).
-8
Let u(c) = c**3 + 22*c**2 + 136*c + 123. Determine u(-16).
-517
Let b(h) = -688*h**2 + 1529*h - 336. Determine b(2).
-30
Let w(k) = 650*k - 133856. What is w(206)?
44
Let s(l) = -l**2 - 15*l - 143. What is s(-21)?
-269
Let a(k) = k**3 - 857*k**2 - 12213*k + 16599. Calculate a(871).
50
Let r(j) = j**3 + 355*j**2 + 8261*j + 3635. Calculate r(-330).
5
Let a(i) = i**3 - 56*i**2 - 64*i + 789. Give a(56).
-2795
Let v(q) = 17550*q + 23464351. What is v(-1337)?
1
Let o(p) = 3*p**3 + 49*p**2 + 9*p - 76. Determine o(-16).
36
Let b(y) = 57*y**2 - 6093*y - 662. What is b(107)?
-20
Let s(b) = -2836678*b + 39713496. Give s(14).
4
Let b(d) = -10*d**2 - 8569*d + 212320. Give b(-881).
-1
Let q(j) = 41*j**3 + 458*j**2 + 1186*j + 2. Give q(-7).
79
Let i(b) = -54*b**2 - 189*b + 379. What is i(-5)?
-26
Let a(m) = -619242*m - 53874056. Give a(-87).
-2
Let a(f) = -f**3 - 420*f**2 - 738*f - 310065. What is a(-420)?
-105
Let b(m) = -6*m**3 - 84*m**2 - 573*m - 8044. Determine b(-14).
-22
Let x(n) = 542*n + 10200. Determine x(-13).
3154
Let y(c) = -c**3 + 2*c**2 + 791*c - 1. Determine y(0).
-1
Let b(p) = -3*p**3 - 6*p**2 - 257*p + 104. What is b(-11)?
6198
Let n(x) = -487*x - 9874. What is n(-32)?
5710
Let x(m) = -m**3 + 21*m**2 - 189*m + 477. Calculate x(4).
-7
Let j(c) = 6151*c**2 + 43088*c - 60. Give j(-7).
-277
Let n(f) = -f**2 + 1514*f + 13606. Determine n(-9).
-101
Let t(b) = b**3 - 23*b**2 + 24*b - 1405. Determine t(26).
1247
Let i(d) = -96*d**3 + 188*d**2 - 18*d + 66. Determine i(2).
14
Let t(s) = -22*s**2 + 2575*s - 140. Calculate t(117).
-23
Let l(s) = -437*s + 79524. Give l(182).
-10
Let h(j) = -10*j**2 - 25*j - 300. Determine h(-6).
-510
Let m(r) = -109*r - 15572. Determine m(-146).
342
Let z(h) = -2154*h + 174540. Determine z(81).
66
Let g(u) = -4542*u - 181665. Determine g(-40).
15
Let a(j) = -883*j + 152777. Determine a(173).
18
Let m(x) = -6*x**3 - 6*x**2 + 126*x - 104. Give m(5).
-374
Let v(q) = 2043*q + 557717. What is v(-273)?
-22
Let y(l) = -23*l - 713. Determine y(-67).
828
Let f(g) = -g**3 - 30*g**2 + 1085*g + 722. Determine f(-51).
8
Let i(s) = -s**3 + 44*s**2 - 353*s + 371. Give i(34).
-71
Let y(m) = -23*m**2 - 1538*m + 4621. What is y(3)?
-200
Let m(o) = -121*o**2 + 2031*o - 50. What is m(17)?
-492
Let k(t) = t**3 + 5*t**2 - 4822*t - 154. Give k(67).
-20
Let y(u) = -u**3 - 365*u**2 + 18*u - 352. What is y(0)?
-352
Let w(d) = -8*d**2 - 37774*d + 492407. Give w(13).
-7
Let v(l) = -347*l**2 + 282*l + 4431. Give v(4).
7
Let l(i) = -5218*i - 448769. Calculate l(-86).
-21
Let h(r) = 2*r**3 - 214*r**2 + 561*r - 36956. Calculate h(106).
38
Let p(c) = -3*c**3 + 569*c**2 + 736*c + 5337. What is p(191)?
-11
Let f(l) = l**3 - 247*l**2 + 1983*l - 489802. Determine f(247).
-1
Let i(r) = 271475*r + 10. What is i(0)?
10
Let o(i) = -37*i**2 - 625*i + 61. What is o(-17)?
-7
Let i(w) = -w**3 - 16*w**2 - 198*w - 2398. Determine i(-14).
-18
Let k(o) = 222907*o - 37448377. Give k(168).
-1
Let h(z) = 11*z**3 + 855*z**2 - 238*z - 377. What is h(-78)?
-65
Let z(x) = -58*x - 1507. What is z(-26)?
1
Let m(d) = d**3 - 105*d**2 - 8*d + 410. Calculate m(105).
-430
Let k(b) = -8*b**2 - 594*b - 165. Give k(-74).
-17
Let j(m) = -219*m + 303. Give j(3).
-354
Let s(a) = -400*a**2 + 243*a - 6. Give s(1).
-163
Let l(z) = 13*z**2 - 75*z + 212. Give l(3).
104
Let s(y) = -6*y**3 + 9*y**2 + 275*y - 547. Determine s(2).
-9
Let k(g) = -54*g**2 - 15177*g - 837. Determine k(-281).
6
Let w(u) = 3*u**2 - 712*u + 28545. Give w(186).
-99
Let l(x) = -x**3 - 48*x**2 - 548*x - 193. Give l(-33).
1556
Let h(z) = 163*z + 4226. Determine h(-24).
314
Let m(r) = 64*r - 1066. Give m(31).
918
Let d(z) = 1083*z**2 + 6505*z + 25. Determine d(-6).
-17
Let p(f) = -2*f**2 - 15*f + 92. What is p(-25)?
-783
Let h(v) = -150271*v - 4508125. What is h(-30)?
5
Let b(m) = -4407*m - 145448. Give b(-33).
-17
Let w(g) = 2*g**2 + 996*g - 8082. Give w(-506).
14
Let y(j) = -22*j**2 - 858*j + 187. Determine y(-41).
-1617
Let z(l) = 881*l - 2296. Give z(3).
347
Let n(y) = y**2 + 28*y - 2732. What is n(-51)?
-1559
Let h(i) = -13*i**3 - 11*i**2 - 53*i - 8. What is h(-3)?
403
Let s(w) = w**3 + 140*w**2 - 272*w + 1086. Determine s(-142).
-618
Let t(w) = 2584*w + 121440. Determine t(-47).
-8
Let i(s) = 5*s**2 + 957*s + 11868. Calculate i(-12).
1104
Let k(v) = -1254*v**2 + 33862*v - 76. Give k(27).
32
Let f(c) = c**3 + 24*c**2 - 207*c - 2161. Determine f(-9).
917
Let n(v) = 74*v**3 + v**2 + 512